{"id":33,"date":"2026-02-11T18:54:06","date_gmt":"2026-02-11T18:54:06","guid":{"rendered":"https:\/\/almmafrio.com\/?page_id=33"},"modified":"2026-02-11T20:43:22","modified_gmt":"2026-02-11T20:43:22","slug":"nuestro-enfoque","status":"publish","type":"page","link":"https:\/\/almmafrio.com\/index.php\/nuestro-enfoque\/","title":{"rendered":"Nuestro Enfoque"},"content":{"rendered":"\n<figure class=\"wp-block-image alignfull size-large\"><img loading=\"lazy\" decoding=\"async\" width=\"1024\" height=\"576\" src=\"https:\/\/almmafrio.com\/wp-content\/uploads\/2026\/02\/DJI_20251105110149_0329_D-1024x576.webp\" alt=\"\" class=\"wp-image-40\" srcset=\"https:\/\/almmafrio.com\/wp-content\/uploads\/2026\/02\/DJI_20251105110149_0329_D-1024x576.webp 1024w, https:\/\/almmafrio.com\/wp-content\/uploads\/2026\/02\/DJI_20251105110149_0329_D-300x169.webp 300w, https:\/\/almmafrio.com\/wp-content\/uploads\/2026\/02\/DJI_20251105110149_0329_D-768x432.webp 768w, https:\/\/almmafrio.com\/wp-content\/uploads\/2026\/02\/DJI_20251105110149_0329_D-1536x864.webp 1536w, https:\/\/almmafrio.com\/wp-content\/uploads\/2026\/02\/DJI_20251105110149_0329_D-2048x1152.webp 2048w\" sizes=\"auto, (max-width: 1024px) 100vw, 1024px\" \/><\/figure>\n\n\n\n<h1 class=\"wp-block-heading alignfull has-text-align-center\" style=\"font-size:68px\"><strong>El Respaldo Detr\u00e1s de Tu Cadena de Fr\u00edo<\/strong><\/h1>\n\n\n\n<h4 class=\"wp-block-heading alignwide\" id=\"yui_3_17_2_1_1770836164651_427\"><br>Estamos comprometidos en ser tu aliado de confianza en almacenamiento en temperatura controlada, ofreciendo soluciones eficientes y personalizadas que garantizan la calidad y seguridad de productos refrigerados y congelados.<\/h4>\n\n\n\n<h4 class=\"wp-block-heading alignwide\">Operamos bajo principios de innovaci\u00f3n, mejora continua, transparencia y compromiso.<\/h4>\n\n\n\n<h4 class=\"wp-block-heading alignwide has-text-align-left\">Integramos tecnolog\u00eda de refrigeraci\u00f3n con CO\u2082 y el apoyo de energ\u00eda solar para brindar operaciones sostenibles, confiables y alineadas con los nuestros valores y responsabilidad ambiental.<\/h4>\n\n\n\n<div class=\"wp-block-group alignfull is-layout-constrained wp-block-group-is-layout-constrained\"><\/div>\n\n\n\n<p><\/p>\n\n\n\n<p><\/p>\n\n\n\n<p><\/p>\n\n\n\n<div class=\"wp-block-group alignfull has-contrast-color has-text-color is-vertical is-content-justification-center is-layout-flex wp-container-core-group-is-layout-f306f087 wp-block-group-is-layout-flex\" style=\"min-height:40vh;margin-top:0;margin-bottom:0;padding-top:var(--wp--preset--spacing--60);padding-right:var(--wp--preset--spacing--50);padding-bottom:var(--wp--preset--spacing--60);padding-left:var(--wp--preset--spacing--50)\"><div style=\"margin-bottom:6px;\" class=\"is-default-size aligncenter wp-block-site-logo\"><a href=\"https:\/\/almmafrio.com\/\" class=\"custom-logo-link\" rel=\"home\"><img loading=\"lazy\" decoding=\"async\" width=\"354\" height=\"382\" src=\"https:\/\/almmafrio.com\/wp-content\/uploads\/2026\/02\/LOGO-2.webp\" class=\"custom-logo\" alt=\"ALMMAFRIO\" srcset=\"https:\/\/almmafrio.com\/wp-content\/uploads\/2026\/02\/LOGO-2.webp 354w, https:\/\/almmafrio.com\/wp-content\/uploads\/2026\/02\/LOGO-2-278x300.webp 278w\" sizes=\"auto, (max-width: 354px) 100vw, 354px\" \/><\/a><\/div>\n\n\n<p class=\"has-text-align-center has-medium-font-size\">ALMMA FRIO<\/p>\n\n\n\n<ul class=\"wp-block-social-links has-normal-icon-size is-style-logos-only is-nowrap is-layout-flex wp-container-core-social-links-is-layout-65900438 wp-block-social-links-is-layout-flex\"><\/ul>\n\n\n\n<figure class=\"wp-block-image size-full\"><a href=\"https:\/\/maps.app.goo.gl\/rqHBt6G9SqzuLiyi8\"><img loading=\"lazy\" decoding=\"async\" width=\"36\" height=\"36\" src=\"https:\/\/almmafrio.com\/wp-content\/uploads\/2026\/02\/MAPS-10.jpg\" alt=\"\" class=\"wp-image-59\"\/><\/a><\/figure>\n\n\n\n<p><\/p>\n<\/div>\n","protected":false},"excerpt":{"rendered":"<p>El Respaldo Detr\u00e1s de Tu Cadena de Fr\u00edo Estamos comprometidos en ser tu aliado de confianza en almacenamiento en temperatura controlada, ofreciendo soluciones eficientes y personalizadas que garantizan la calidad y seguridad de productos refrigerados y congelados. Operamos bajo principios de innovaci\u00f3n, mejora continua, transparencia y compromiso. Integramos tecnolog\u00eda de refrigeraci\u00f3n con CO\u2082 y el [&hellip;]<\/p>\n","protected":false},"author":1,"featured_media":0,"parent":0,"menu_order":0,"comment_status":"closed","ping_status":"closed","template":"","meta":{"footnotes":""},"class_list":["post-33","page","type-page","status-publish","hentry"],"_links":{"self":[{"href":"https:\/\/almmafrio.com\/index.php\/wp-json\/wp\/v2\/pages\/33","targetHints":{"allow":["GET"]}}],"collection":[{"href":"https:\/\/almmafrio.com\/index.php\/wp-json\/wp\/v2\/pages"}],"about":[{"href":"https:\/\/almmafrio.com\/index.php\/wp-json\/wp\/v2\/types\/page"}],"author":[{"embeddable":true,"href":"https:\/\/almmafrio.com\/index.php\/wp-json\/wp\/v2\/users\/1"}],"replies":[{"embeddable":true,"href":"https:\/\/almmafrio.com\/index.php\/wp-json\/wp\/v2\/comments?post=33"}],"version-history":[{"count":27,"href":"https:\/\/almmafrio.com\/index.php\/wp-json\/wp\/v2\/pages\/33\/revisions"}],"predecessor-version":[{"id":46,"href":"https:\/\/almmafrio.com\/index.php\/wp-json\/wp\/v2\/pages\/33\/revisions\/46"}],"wp:attachment":[{"href":"https:\/\/almmafrio.com\/index.php\/wp-json\/wp\/v2\/media?parent=33"}],"curies":[{"name":"wp","href":"https:\/\/api.w.org\/{rel}","templated":true}]}}